{"id":2701,"date":"2025-09-01T11:29:24","date_gmt":"2025-09-01T09:29:24","guid":{"rendered":"https:\/\/fundacioncabreracanto.com\/amics\/"},"modified":"2025-10-17T12:44:05","modified_gmt":"2025-10-17T10:44:05","slug":"amics","status":"publish","type":"page","link":"https:\/\/fundacioncabreracanto.com\/val\/amics\/","title":{"rendered":"Amics"},"content":{"rendered":"\t\t<div data-elementor-type=\"wp-page\" data-elementor-id=\"2701\" class=\"elementor elementor-2701 elementor-2375\" data-elementor-post-type=\"page\">\n\t\t\t\t<div class=\"elementor-element elementor-element-f2f73d9 e-flex e-con-boxed e-con e-parent\" data-id=\"f2f73d9\" data-element_type=\"container\" data-settings=\"{&quot;background_background&quot;:&quot;classic&quot;}\">\n\t\t\t\t\t<div class=\"e-con-inner\">\n\t\t\t\t<div class=\"elementor-element elementor-element-23e9869 elementor-widget elementor-widget-spacer\" data-id=\"23e9869\" data-element_type=\"widget\" data-widget_type=\"spacer.default\">\n\t\t\t\t<div class=\"elementor-widget-container\">\n\t\t\t\t\t\t\t<div class=\"elementor-spacer\">\n\t\t\t<div class=\"elementor-spacer-inner\"><\/div>\n\t\t<\/div>\n\t\t\t\t\t\t<\/div>\n\t\t\t\t<\/div>\n\t\t\t\t<div class=\"elementor-element elementor-element-62b6abf elementor-invisible elementor-widget elementor-widget-heading\" data-id=\"62b6abf\" data-element_type=\"widget\" data-settings=\"{&quot;_animation&quot;:&quot;fadeInDown&quot;}\" data-widget_type=\"heading.default\">\n\t\t\t\t<div class=\"elementor-widget-container\">\n\t\t\t\t\t<h2 class=\"elementor-heading-title elementor-size-default\">Fes-te Amic<\/h2>\t\t\t\t<\/div>\n\t\t\t\t<\/div>\n\t\t\t\t<div class=\"elementor-element elementor-element-5413ee9 elementor-widget elementor-widget-spacer\" data-id=\"5413ee9\" data-element_type=\"widget\" data-widget_type=\"spacer.default\">\n\t\t\t\t<div class=\"elementor-widget-container\">\n\t\t\t\t\t\t\t<div class=\"elementor-spacer\">\n\t\t\t<div class=\"elementor-spacer-inner\"><\/div>\n\t\t<\/div>\n\t\t\t\t\t\t<\/div>\n\t\t\t\t<\/div>\n\t\t\t\t\t<\/div>\n\t\t\t\t<\/div>\n\t\t<div class=\"elementor-element elementor-element-e024da0 e-flex e-con-boxed e-con e-parent\" data-id=\"e024da0\" data-element_type=\"container\" data-settings=\"{&quot;background_background&quot;:&quot;classic&quot;}\">\n\t\t\t\t\t<div class=\"e-con-inner\">\n\t\t\t\t<div class=\"elementor-element elementor-element-fac3a16 elementor-widget elementor-widget-shortcode\" data-id=\"fac3a16\" data-element_type=\"widget\" data-widget_type=\"shortcode.default\">\n\t\t\t\t<div class=\"elementor-widget-container\">\n\t\t\t\t\t\t\t<div class=\"elementor-shortcode\"><div class='root-data-givewp-embed' data-form-locale='ca_ES' data-form-url='https:\/\/fundacioncabreracanto.com\/?post_type=give_forms&#038;p=2974' data-form-view-url='https:\/\/fundacioncabreracanto.com\/val\/?givewp-route=donation-form-view&form-id=2974' data-src='https:\/\/fundacioncabreracanto.com\/val\/?givewp-route=donation-form-view&form-id=2974' data-givewp-embed-id='give-form-shortcode-1' data-form-format='' data-open-form-button='Donar ara' style='--givewp-primary-color: #27ae60; --givewp-secondary-color: #f29718;'><\/div><\/div>\n\t\t\t\t\t\t<\/div>\n\t\t\t\t<\/div>\n\t\t\t\t<div class=\"elementor-element elementor-element-003ee8a animated-slow elementor-invisible elementor-widget elementor-widget-text-editor\" data-id=\"003ee8a\" data-element_type=\"widget\" data-settings=\"{&quot;_animation&quot;:&quot;fadeIn&quot;}\" data-widget_type=\"text-editor.default\">\n\t\t\t\t<div class=\"elementor-widget-container\">\n\t\t\t\t\t\t\t\t\t<p><span style=\"font-weight: 400;\">El Patronat de la Fundaci\u00f3 est\u00e0 format per persones vinculades a l\u2019\u00e0mbit cultural, institucional i social d\u2019Alcoi, compromeses amb la promoci\u00f3 del llegat de Fernando Cabrera Cant\u00f3. Aquest \u00f2rgan rector garanteix el compliment dels fins fundacionals, aix\u00ed com la supervisi\u00f3 i el suport a les activitats i projectes que es desenvolupen.<\/span><\/p>\t\t\t\t\t\t\t\t<\/div>\n\t\t\t\t<\/div>\n\t\t\t\t<div class=\"elementor-element elementor-element-5358dfc elementor-widget elementor-widget-spacer\" data-id=\"5358dfc\" data-element_type=\"widget\" data-widget_type=\"spacer.default\">\n\t\t\t\t<div class=\"elementor-widget-container\">\n\t\t\t\t\t\t\t<div class=\"elementor-spacer\">\n\t\t\t<div class=\"elementor-spacer-inner\"><\/div>\n\t\t<\/div>\n\t\t\t\t\t\t<\/div>\n\t\t\t\t<\/div>\n\t\t\t\t\t<\/div>\n\t\t\t\t<\/div>\n\t\t<div class=\"elementor-element elementor-element-7b19137 e-flex e-con-boxed e-con e-parent\" data-id=\"7b19137\" data-element_type=\"container\">\n\t\t\t\t\t<div class=\"e-con-inner\">\n\t\t\t\t\t<\/div>\n\t\t\t\t<\/div>\n\t\t\t\t<\/div>\n\t\t","protected":false},"excerpt":{"rendered":"<p>Fes-te Amic El Patronat de la Fundaci\u00f3 est\u00e0 format per persones vinculades a l\u2019\u00e0mbit cultural, institucional i social d\u2019Alcoi, compromeses amb la promoci\u00f3 del llegat de Fernando Cabrera Cant\u00f3. Aquest \u00f2rgan rector garanteix el compliment dels fins fundacionals, aix\u00ed com la supervisi\u00f3 i el suport a les activitats i projectes que es desenvolupen.<\/p>\n","protected":false},"author":1,"featured_media":0,"parent":0,"menu_order":0,"comment_status":"closed","ping_status":"closed","template":"","meta":{"give_campaign_id":0,"site-sidebar-layout":"no-sidebar","site-content-layout":"page-builder","ast-site-content-layout":"full-width-container","site-content-style":"unboxed","site-sidebar-style":"unboxed","ast-global-header-display":"","ast-banner-title-visibility":"","ast-main-header-display":"","ast-hfb-above-header-display":"","ast-hfb-below-header-display":"","ast-hfb-mobile-header-display":"","site-post-title":"disabled","ast-breadcrumbs-content":"disabled","ast-featured-img":"disabled","footer-sml-layout":"","theme-transparent-header-meta":"enabled","adv-header-id-meta":"","stick-header-meta":"","header-above-stick-meta":"","header-main-stick-meta":"","header-below-stick-meta":"","astra-migrate-meta-layouts":"default","ast-page-background-enabled":"default","ast-page-background-meta":{"desktop":{"background-color":"","background-image":"","background-repeat":"repeat","background-position":"center center","background-size":"auto","background-attachment":"scroll","background-type":"","background-media":"","overlay-type":"","overlay-color":"","overlay-opacity":"","overlay-gradient":""},"tablet":{"background-color":"","background-image":"","background-repeat":"repeat","background-position":"center center","background-size":"auto","background-attachment":"scroll","background-type":"","background-media":"","overlay-type":"","overlay-color":"","overlay-opacity":"","overlay-gradient":""},"mobile":{"background-color":"","background-image":"","background-repeat":"repeat","background-position":"center center","background-size":"auto","background-attachment":"scroll","background-type":"","background-media":"","overlay-type":"","overlay-color":"","overlay-opacity":"","overlay-gradient":""}},"ast-content-background-meta":{"desktop":{"background-color":"var(--ast-global-color-5)","background-image":"","background-repeat":"repeat","background-position":"center center","background-size":"auto","background-attachment":"scroll","background-type":"","background-media":"","overlay-type":"","overlay-color":"","overlay-opacity":"","overlay-gradient":""},"tablet":{"background-color":"var(--ast-global-color-5)","background-image":"","background-repeat":"repeat","background-position":"center center","background-size":"auto","background-attachment":"scroll","background-type":"","background-media":"","overlay-type":"","overlay-color":"","overlay-opacity":"","overlay-gradient":""},"mobile":{"background-color":"var(--ast-global-color-5)","background-image":"","background-repeat":"repeat","background-position":"center center","background-size":"auto","background-attachment":"scroll","background-type":"","background-media":"","overlay-type":"","overlay-color":"","overlay-opacity":"","overlay-gradient":""}},"footnotes":""},"class_list":["post-2701","page","type-page","status-publish","hentry"],"campaignId":"","_links":{"self":[{"href":"https:\/\/fundacioncabreracanto.com\/val\/wp-json\/wp\/v2\/pages\/2701","targetHints":{"allow":["GET"]}}],"collection":[{"href":"https:\/\/fundacioncabreracanto.com\/val\/wp-json\/wp\/v2\/pages"}],"about":[{"href":"https:\/\/fundacioncabreracanto.com\/val\/wp-json\/wp\/v2\/types\/page"}],"author":[{"embeddable":true,"href":"https:\/\/fundacioncabreracanto.com\/val\/wp-json\/wp\/v2\/users\/1"}],"replies":[{"embeddable":true,"href":"https:\/\/fundacioncabreracanto.com\/val\/wp-json\/wp\/v2\/comments?post=2701"}],"version-history":[{"count":0,"href":"https:\/\/fundacioncabreracanto.com\/val\/wp-json\/wp\/v2\/pages\/2701\/revisions"}],"wp:attachment":[{"href":"https:\/\/fundacioncabreracanto.com\/val\/wp-json\/wp\/v2\/media?parent=2701"}],"curies":[{"name":"wp","href":"https:\/\/api.w.org\/{rel}","templated":true}]}}

<div data-elementor-type="wp-page" data-elementor-id="2701" class="elementor elementor-2701 elementor-2375" data-elementor-post-type="page">
				<div class="elementor-element elementor-element-f2f73d9 e-flex e-con-boxed e-con e-parent" data-id="f2f73d9" data-element_type="container" data-settings="{&quot;background_background&quot;:&quot;classic&quot;}">
					<div class="e-con-inner">
				<div class="elementor-element elementor-element-23e9869 elementor-widget elementor-widget-spacer" data-id="23e9869" data-element_type="widget" data-widget_type="spacer.default">
				<div class="elementor-widget-container">
							<div class="elementor-spacer">
			<div class="elementor-spacer-inner"></div>
		</div>
						</div>
				</div>
				<div class="elementor-element elementor-element-62b6abf elementor-invisible elementor-widget elementor-widget-heading" data-id="62b6abf" data-element_type="widget" data-settings="{&quot;_animation&quot;:&quot;fadeInDown&quot;}" data-widget_type="heading.default">
				<div class="elementor-widget-container">
					<h2 class="elementor-heading-title elementor-size-default">Fes-te Amic</h2>				</div>
				</div>
				<div class="elementor-element elementor-element-5413ee9 elementor-widget elementor-widget-spacer" data-id="5413ee9" data-element_type="widget" data-widget_type="spacer.default">
				<div class="elementor-widget-container">
							<div class="elementor-spacer">
			<div class="elementor-spacer-inner"></div>
		</div>
						</div>
				</div>
					</div>
				</div>
		<div class="elementor-element elementor-element-e024da0 e-flex e-con-boxed e-con e-parent" data-id="e024da0" data-element_type="container" data-settings="{&quot;background_background&quot;:&quot;classic&quot;}">
					<div class="e-con-inner">
				<div class="elementor-element elementor-element-fac3a16 elementor-widget elementor-widget-shortcode" data-id="fac3a16" data-element_type="widget" data-widget_type="shortcode.default">
				<div class="elementor-widget-container">
							<div class="elementor-shortcode"><div class='root-data-givewp-embed' data-form-locale='ca_ES' data-form-url='https://fundacioncabreracanto.com/?post_type=give_forms&#038;p=2974' data-form-view-url='https://fundacioncabreracanto.com/val/?givewp-route=donation-form-view&form-id=2974' data-src='https://fundacioncabreracanto.com/val/?givewp-route=donation-form-view&form-id=2974' data-givewp-embed-id='give-form-shortcode-1' data-form-format='' data-open-form-button='Donar ara' style='--givewp-primary-color: #27ae60; --givewp-secondary-color: #f29718;'></div></div>
						</div>
				</div>
				<div class="elementor-element elementor-element-003ee8a animated-slow elementor-invisible elementor-widget elementor-widget-text-editor" data-id="003ee8a" data-element_type="widget" data-settings="{&quot;_animation&quot;:&quot;fadeIn&quot;}" data-widget_type="text-editor.default">
				<div class="elementor-widget-container">
									<p><span style="font-weight: 400;">El Patronat de la Fundació està format per persones vinculades a l’àmbit cultural, institucional i social d’Alcoi, compromeses amb la promoció del llegat de Fernando Cabrera Cantó. Aquest òrgan rector garanteix el compliment dels fins fundacionals, així com la supervisió i el suport a les activitats i projectes que es desenvolupen.</span></p>								</div>
				</div>
				<div class="elementor-element elementor-element-5358dfc elementor-widget elementor-widget-spacer" data-id="5358dfc" data-element_type="widget" data-widget_type="spacer.default">
				<div class="elementor-widget-container">
							<div class="elementor-spacer">
			<div class="elementor-spacer-inner"></div>
		</div>
						</div>
				</div>
					</div>
				</div>
		<div class="elementor-element elementor-element-7b19137 e-flex e-con-boxed e-con e-parent" data-id="7b19137" data-element_type="container">
					<div class="e-con-inner">
					</div>
				</div>
				</div>

<p>Fes-te Amic El Patronat de la Fundació està format per persones vinculades a l’àmbit cultural, institucional i social d’Alcoi, compromeses amb la promoció del llegat de Fernando Cabrera Cantó. Aquest òrgan rector garanteix el compliment dels fins fundacionals, així com la supervisió i el suport a les activitats i projectes que es desenvolupen.</p>
