{"id":2776,"date":"2025-09-18T15:41:29","date_gmt":"2025-09-18T13:41:29","guid":{"rendered":"https:\/\/fundacioncabreracanto.com\/aviso-legal\/"},"modified":"2025-09-19T07:21:20","modified_gmt":"2025-09-19T07:21:20","slug":"aviso-legal","status":"publish","type":"page","link":"https:\/\/fundacioncabreracanto.com\/val\/aviso-legal\/","title":{"rendered":"Aviso legal"},"content":{"rendered":"\t\t<div data-elementor-type=\"wp-page\" data-elementor-id=\"2776\" class=\"elementor elementor-2776 elementor-2754\" data-elementor-post-type=\"page\">\n\t\t\t\t<div class=\"elementor-element elementor-element-f77eab1 e-flex e-con-boxed e-con e-parent\" data-id=\"f77eab1\" data-element_type=\"container\">\n\t\t\t\t\t<div class=\"e-con-inner\">\n\t\t<div class=\"elementor-element elementor-element-55fec0a e-con-full e-flex e-con e-child\" data-id=\"55fec0a\" data-element_type=\"container\">\n\t\t<div class=\"elementor-element elementor-element-61f910a e-con-full e-flex e-con e-child\" data-id=\"61f910a\" data-element_type=\"container\">\n\t\t\t\t<div class=\"elementor-element elementor-element-03f81c6 elementor-invisible elementor-widget elementor-widget-heading\" data-id=\"03f81c6\" data-element_type=\"widget\" data-settings=\"{&quot;_animation&quot;:&quot;fadeInDown&quot;}\" data-widget_type=\"heading.default\">\n\t\t\t\t<div class=\"elementor-widget-container\">\n\t\t\t\t\t<h1 class=\"elementor-heading-title elementor-size-default\">Aviso legal<\/h1>\t\t\t\t<\/div>\n\t\t\t\t<\/div>\n\t\t\t\t<div class=\"elementor-element elementor-element-4361d24 animated-slow elementor-widget-divider--view-line elementor-invisible elementor-widget elementor-widget-divider\" data-id=\"4361d24\" data-element_type=\"widget\" data-settings=\"{&quot;_animation&quot;:&quot;fadeInDown&quot;}\" data-widget_type=\"divider.default\">\n\t\t\t\t<div class=\"elementor-widget-container\">\n\t\t\t\t\t\t\t<div class=\"elementor-divider\">\n\t\t\t<span class=\"elementor-divider-separator\">\n\t\t\t\t\t\t<\/span>\n\t\t<\/div>\n\t\t\t\t\t\t<\/div>\n\t\t\t\t<\/div>\n\t\t\t\t<\/div>\n\t\t\t\t<\/div>\n\t\t\t\t<div class=\"elementor-element elementor-element-828a718 elementor-widget elementor-widget-text-editor\" data-id=\"828a718\" data-element_type=\"widget\" data-widget_type=\"text-editor.default\">\n\t\t\t\t<div class=\"elementor-widget-container\">\n\t\t\t\t\t\t\t\t\t<p><span style=\"font-weight: 400;\">&nbsp;Fecha de \u00faltima actualizaci\u00f3n: 11\/09\/2025<\/span><\/p>\n<p><b>DADES IDENTIFICATIVES&nbsp;<\/b><\/p>\n<p><span style=\"font-weight: 400;\">El titular del sitio web sitio&nbsp;web https:\/\/fundacioncabreracanto.com\/ corresponde:<\/span><\/p>\n<ul>\n<li style=\"font-weight: 400;\" aria-level=\"1\"><span style=\"font-weight: 400;\">Identitat del responsable. FUNDACI\u00d3 DE LA COMUNITAT VALENCIANA FERNANDO CABRERA CANT\u00d3, (G21694658) (d\u2019ara endavant, L\u2019EMPRESA) <\/span><\/li>\n<li style=\"font-weight: 400;\" aria-level=\"1\"><span style=\"font-weight: 400;\">Adre\u00e7a postal: C\/ SANT NICOLAU, 15, PLANTA 1, 03801, ALCOI, ALACANT&nbsp;<\/span><\/li>\n<li style=\"font-weight: 400;\" aria-level=\"1\"><span style=\"font-weight: 400;\">Correu electr\u00f2nic:&nbsp;&nbsp;<\/span><\/li>\n<li style=\"font-weight: 400;\" aria-level=\"1\"><span style=\"font-weight: 400;\">Tel\u00e8fon:&nbsp; +34 649 91 01 41<\/span><\/li>\n<li style=\"font-weight: 400;\" aria-level=\"1\"><span style=\"font-weight: 400;\">Datos registrales (INDICAR DATOS DE REGISTRO DE INSCRIPCI\u00d3N, <\/span><i><span style=\"font-weight: 400;\">Por ejemplo: inscrita en el Registro mercantil de Madrid, al Folio 204, del Tomo 38.914, Hoja M-691600<\/span><\/i><span style=\"font-weight: 400;\">)<\/span><\/li>\n<\/ul>\n<p><b>\u00daS DE LA WEB<\/b><\/p>\n<p><span style=\"font-weight: 400;\">L\u2019EMPRESA proporciona l\u2019acc\u00e9s a una multitud d\u2019informacions i serveis pertanyents a L\u2019EMPRESA, que assumeix la responsabilitat de l\u2019\u00fas de la web. Aquesta responsabilitat s\u2019est\u00e9n als registres que siguin necessaris per accedir a determinats serveis o continguts. En aquests registres, l\u2019usuari ser\u00e0 responsable de facilitar informaci\u00f3 vera\u00e7 i l\u00edcita. L\u2019usuari es compromet a fer un \u00fas adequat dels continguts i serveis que L\u2019EMPRESA ofereix a trav\u00e9s de la seva web. L\u2019EMPRESA es reserva el dret de retirar tots aquells comentaris i aportacions que vulnerin el respecte a la dignitat de la persona, que siguen discriminat\u00f2ries, xen\u00f2fobes, racistes, pornogr\u00e0fiques, que atempten contra la joventut o la inf\u00e0ncia, l\u2019ordre o la seguretat p\u00fablica o que, al seu criteri, no resulten adequades per a la publicaci\u00f3 per no estar relacionades amb l\u2019objectiu. En qualsevol cas, L\u2019EMPRESA com a administrador de la seva web, actuar\u00e0 diligentment tan bon punt tinga coneixement d\u2019actes comesos en contra de les presents Condicions d\u2019\u00das o de la seua Pol\u00edtica de Privacitat.     <\/span><\/p>\n<p><\/p>\n<p><b>POL\u00cdTICA D\u2019ENLLA\u00c7OS<\/b><\/p>\n<p><span style=\"font-weight: 400;\">Els llocs web enlla\u00e7ats no estan controlats per L\u2019EMPRESA i, per aix\u00f2, no es fa responsable dels continguts de cap lloc enlla\u00e7at ni de cap enlla\u00e7 que es trobi en qualsevol lloc web enlla\u00e7at, ni de cap canvi o actualitzaci\u00f3 d\u2019aquests llocs web. L\u2019EMPRESA nom\u00e9s li est\u00e0 proporcionant aquests enlla\u00e7os per a la seva comoditat, i la inclusi\u00f3 de qualsevol enlla\u00e7 no implica l\u2019aprovaci\u00f3 del lloc web per part de L\u2019EMPRESA. <\/span><\/p>\n<p><\/p>\n<p><b>DRETS DE PROPIETAT INTELECTUAL<\/b><\/p>\n<p><span style=\"font-weight: 400;\">L\u2019EMPRESA, per si mateixa o com a cession\u00e0ria, \u00e9s titular de tots els drets de propietat intel\u00b7lectual i industrial de la seva p\u00e0gina web, aix\u00ed com dels elements continguts en la mateixa (a t\u00edtol enunciatiu: imatges, so, \u00e0udio, v\u00eddeo, programari o textos; marques o logotips, combinacions de colors, estructura i disseny, selecci\u00f3 de materials utilitzats, programes d\u2019ordinador necessaris per al seu funcionament, acc\u00e9s i \u00fas, etc.). Tots els drets reservats. En virtut del que disposen els articles 8 i 32.1, par\u00e0graf segon, del Reial Decret Legislatiu 1\/1996, de 12 d\u2019abril, pel qual s\u2019aprova el text ref\u00f3s de la Llei de Propietat Intel\u00b7lectual, regularitzant, aclarint i harmonitzant les disposicions legals vigents sobre la mat\u00e8ria, queden expressament prohibits la reproducci\u00f3, la distribuci\u00f3 i la comunicaci\u00f3 p\u00fablica, inclosa la seva modalitat de posada a disposici\u00f3, de la totalitat o part dels continguts d\u2019aquesta p\u00e0gina web, amb finalitats comercials, en qualsevol suport i per qualsevol mitj\u00e0 t\u00e8cnic, sense l\u2019autoritzaci\u00f3 de L\u2019EMPRESA. L\u2019usuari es compromet a respectar els drets de Propietat Intel\u00b7lectual i Industrial titularitat de L\u2019EMPRESA.   <\/span><\/p>\n<p><span style=\"font-weight: 400;\">Tots els continguts publicats al lloc web i especialment els dissenys, textos, imatges, v\u00eddeos, gr\u00e0fics, logotips, icones, botons, aix\u00ed com els noms comercials, les marques o dibuixos i qualsevol altre signe susceptible d\u2019utilitzaci\u00f3 industrial i comercial estan subjectes a drets de propietat intel\u00b7lectual i industrial de L\u2019EMPRESA. En cap cas s\u2019entendr\u00e0 que es concedeix cap llic\u00e8ncia ni s\u2019efectua ren\u00fancia, transmissi\u00f3, cessi\u00f3 total o parcial d\u2019aquests drets, ni es confereix cap dret ni expectativa de dret, i especialment, d\u2019alteraci\u00f3, explotaci\u00f3, reproducci\u00f3, distribuci\u00f3 o comunicaci\u00f3 p\u00fablica sobre aquests continguts sense l\u2019autoritzaci\u00f3 pr\u00e8via i expressa de L\u2019EMPRESA. <\/span><\/p>\n<p><\/p>\n<p><b>LIMITACI\u00d3 DE RESPONSABILITATS<\/b><\/p>\n<p><span style=\"font-weight: 400;\">L\u2019EMPRESA respondr\u00e0 dels danys i perjudicis que l\u2019usuari pugui patir com a conseq\u00fc\u00e8ncia de la utilitzaci\u00f3 del lloc web quan aquests danys siguin directament imputables a una actuaci\u00f3 incorrecta d\u2019aquesta entitat, havent-se provat que no ha complert les exig\u00e8ncies i requisits legals i reglament\u00e0riament establerts. \u00c9s responsabilitat de l\u2019usuari adoptar totes les mesures t\u00e8cniques adequades per controlar raonablement els riscos de la navegaci\u00f3 oberta per Internet i evitar danys en els seus equips, p\u00e8rdua de dades i robatori d\u2019informaci\u00f3 confidencial. L\u2019EMPRESA no es fa responsable dels perjudicis que es pogueren derivar d\u2019interfer\u00e8ncies, omissions, interrupcions, virus inform\u00e0tics, avaries i\/o desconnexions en el funcionament operatiu d\u2019aquest lloc web o en els aparells i equips inform\u00e0tics dels usuaris, motivades per causes alienes a L\u2019EMPRESA, que impedeixin o retardin la prestaci\u00f3 dels serveis o la navegaci\u00f3 pel lloc web, ni dels retards o bloquejos en l\u2019\u00fas causats per defici\u00e8ncies o sobrec\u00e0rregues d\u2019Internet o d\u2019altres sistemes, ni de la impossibilitat de prestar el servei o permetre l\u2019acc\u00e9s per causes no imputables a L\u2019EMPRESA degudes a l\u2019usuari, a tercers, o a sup\u00f2sits de for\u00e7a major. L\u2019EMPRESA no ser\u00e0 responsable si no t\u00e9 coneixement efectiu que l\u2019activitat o la informaci\u00f3 a la qual remet o recomana a trav\u00e9s dels seus enlla\u00e7os \u00e9s il\u00b7l\u00edcita o que lesionen b\u00e9ns o drets d\u2019un tercer susceptibles d\u2019indemnitzaci\u00f3, o si ho t\u00e9, actua amb dilig\u00e8ncia per suprimir o inutilitzar l\u2019enlla\u00e7 o la informaci\u00f3 corresponent.   <\/span><\/p>\n<p><\/p>\n<p><b>SEGURETAT DE LA WEB<\/b><\/p>\n<p><span style=\"font-weight: 400;\">La web utilitza t\u00e8cniques de seguretat de la informaci\u00f3 comunament acceptades en la ind\u00fastria, com ara tallafocs, procediments de control d\u2019acc\u00e9s, comunicacions segures o mecanismes criptogr\u00e0fics, entre altres, tot aix\u00f2 amb l\u2019objectiu de prevenir i reduir els incidents de seguretat sobre les dades (confidencialitat, integritat i disponibilitat). Per aconseguir aquests fins, l\u2019usuari accepta que el prestador obtinga dades per a efectes de la corresponent autenticaci\u00f3 dels controls d\u2019acc\u00e9s i la prestaci\u00f3 dels serveis que s\u2019han d\u2019executar per a l\u2019\u00fas de la web. <\/span><\/p>\n<p><span style=\"font-weight: 400;\">La seguretat en l\u00ednia tamb\u00e9 s\u2019estableix a trav\u00e9s dels par\u00e0metres de configuraci\u00f3 dels diferents navegadors web, per la qual cosa es recomana encaridament la seva consulta.<\/span><\/p>\n<p><b>JURISDICCI\u00d3 I LEIS APLICABLES<\/b><\/p>\n<p><span style=\"font-weight: 400;\">La llei aplicable a les presents condicions ser\u00e0 la Llei Espanyola. Per a les controv\u00e8rsies que pogueren sorgir amb ocasi\u00f3 de les presents condicions, les parts, amb ren\u00fancia del seu fur propi, es sotmeten expressament als Jutjats i Tribunals del domicili que s\u2019indica en les DADES IDENTIFICATIVES. <\/span><\/p>\n<p><\/p>\n<p><b>MODIFICACI\u00d3 DE LES CONDICIONS D\u2019\u00daS<\/b><\/p>\n<p><span style=\"font-weight: 400;\">Eventualment, aquestes Condicions d\u2019\u00das poden ser revisades amb la finalitat d\u2019actualitzar els canvis en la legislaci\u00f3 vigent, actualitzar els nostres procediments de recollida i \u00fas de la informaci\u00f3, l\u2019aparici\u00f3 de nous serveis o l\u2019exclusi\u00f3 d\u2019altres. Aquests canvis seran vigents a partir de la seva publicaci\u00f3 a la web, per la qual cosa \u00e9s important que revises regularment aquestes Condicions d\u2019\u00das amb l\u2019objectiu de mantenir-te informat sobre els canvis efectuats. <\/span><\/p>\t\t\t\t\t\t\t\t<\/div>\n\t\t\t\t<\/div>\n\t\t\t\t\t<\/div>\n\t\t\t\t<\/div>\n\t\t\t\t<\/div>\n\t\t","protected":false},"excerpt":{"rendered":"<p>Aviso legal &nbsp;Fecha de \u00faltima actualizaci\u00f3n: 11\/09\/2025 DADES IDENTIFICATIVES&nbsp; El titular del sitio web sitio&nbsp;web https:\/\/fundacioncabreracanto.com\/ corresponde: Identitat del responsable. FUNDACI\u00d3 DE LA COMUNITAT VALENCIANA FERNANDO CABRERA CANT\u00d3, (G21694658) (d\u2019ara endavant, L\u2019EMPRESA) Adre\u00e7a postal: C\/ SANT NICOLAU, 15, PLANTA 1, 03801, ALCOI, ALACANT&nbsp; Correu electr\u00f2nic:&nbsp;&nbsp; Tel\u00e8fon:&nbsp; +34 649 91 01 41 Datos registrales (INDICAR DATOS [&hellip;]<\/p>\n","protected":false},"author":1,"featured_media":0,"parent":0,"menu_order":0,"comment_status":"closed","ping_status":"closed","template":"","meta":{"give_campaign_id":0,"site-sidebar-layout":"no-sidebar","site-content-layout":"page-builder","ast-site-content-layout":"full-width-container","site-content-style":"default","site-sidebar-style":"default","ast-global-header-display":"","ast-banner-title-visibility":"","ast-main-header-display":"","ast-hfb-above-header-display":"","ast-hfb-below-header-display":"","ast-hfb-mobile-header-display":"","site-post-title":"disabled","ast-breadcrumbs-content":"","ast-featured-img":"disabled","footer-sml-layout":"","theme-transparent-header-meta":"disabled","adv-header-id-meta":"","stick-header-meta":"","header-above-stick-meta":"","header-main-stick-meta":"","header-below-stick-meta":"","astra-migrate-meta-layouts":"default","ast-page-background-enabled":"default","ast-page-background-meta":{"desktop":{"background-color":"","background-image":"","background-repeat":"repeat","background-position":"center center","background-size":"auto","background-attachment":"scroll","background-type":"","background-media":"","overlay-type":"","overlay-color":"","overlay-opacity":"","overlay-gradient":""},"tablet":{"background-color":"","background-image":"","background-repeat":"repeat","background-position":"center center","background-size":"auto","background-attachment":"scroll","background-type":"","background-media":"","overlay-type":"","overlay-color":"","overlay-opacity":"","overlay-gradient":""},"mobile":{"background-color":"","background-image":"","background-repeat":"repeat","background-position":"center center","background-size":"auto","background-attachment":"scroll","background-type":"","background-media":"","overlay-type":"","overlay-color":"","overlay-opacity":"","overlay-gradient":""}},"ast-content-background-meta":{"desktop":{"background-color":"var(--ast-global-color-5)","background-image":"","background-repeat":"repeat","background-position":"center center","background-size":"auto","background-attachment":"scroll","background-type":"","background-media":"","overlay-type":"","overlay-color":"","overlay-opacity":"","overlay-gradient":""},"tablet":{"background-color":"var(--ast-global-color-5)","background-image":"","background-repeat":"repeat","background-position":"center center","background-size":"auto","background-attachment":"scroll","background-type":"","background-media":"","overlay-type":"","overlay-color":"","overlay-opacity":"","overlay-gradient":""},"mobile":{"background-color":"var(--ast-global-color-5)","background-image":"","background-repeat":"repeat","background-position":"center center","background-size":"auto","background-attachment":"scroll","background-type":"","background-media":"","overlay-type":"","overlay-color":"","overlay-opacity":"","overlay-gradient":""}},"footnotes":""},"class_list":["post-2776","page","type-page","status-publish","hentry"],"campaignId":"","_links":{"self":[{"href":"https:\/\/fundacioncabreracanto.com\/val\/wp-json\/wp\/v2\/pages\/2776","targetHints":{"allow":["GET"]}}],"collection":[{"href":"https:\/\/fundacioncabreracanto.com\/val\/wp-json\/wp\/v2\/pages"}],"about":[{"href":"https:\/\/fundacioncabreracanto.com\/val\/wp-json\/wp\/v2\/types\/page"}],"author":[{"embeddable":true,"href":"https:\/\/fundacioncabreracanto.com\/val\/wp-json\/wp\/v2\/users\/1"}],"replies":[{"embeddable":true,"href":"https:\/\/fundacioncabreracanto.com\/val\/wp-json\/wp\/v2\/comments?post=2776"}],"version-history":[{"count":0,"href":"https:\/\/fundacioncabreracanto.com\/val\/wp-json\/wp\/v2\/pages\/2776\/revisions"}],"wp:attachment":[{"href":"https:\/\/fundacioncabreracanto.com\/val\/wp-json\/wp\/v2\/media?parent=2776"}],"curies":[{"name":"wp","href":"https:\/\/api.w.org\/{rel}","templated":true}]}}